of 50185420?
False
Is 4221 a factor of 8015679?
True
Is 5 a factor of 668186?
False
Is 2090 a factor of 262067190?
True
Is 100374812 a multiple of 236?
True
Is 11 a factor of 9175012?
True
Does 73 divide 2396517?
True
Does 715 divide 402136735?
True
Is 900 a factor of 69997500?
True
Is 15 a factor of 67669860?
True
Does 7 divide 10652577?
False
Is 7 a factor of 40465498?
False
Is 5280910 a multiple of 3?
False
Is 234944010 a multiple of 54?
True
Does 94 divide 626916832?
True
Is 209 a factor of 30426524?
False
Is 9398026 a multiple of 683?
False
Is 16864295 a multiple of 27?
False
Does 30 divide 135306771?
False
Is 410 a factor of 1098961540?
True
Is 130 a factor of 68427320?
True
Does 7 divide 6720763?
True
Does 1313 divide 276842240?
False
Is 4232610324 a multiple of 6012?
True
Is 445803890 a multiple of 35?
True
Is 125936319 a multiple of 19?
False
Is 3425655 a multiple of 141?
False
Is 171934116 a multiple of 178?
True
Is 67 a factor of 916487909?
False
Does 18 divide 43955172?
True
Is 114539865 a multiple of 33?
True
Is 51 a factor of 1933272963?
True
Is 231 a factor of 22054032?
True
Is 844 a factor of 12798416?
True
Is 354 a factor of 330105354?
True
Is 52437911 a multiple of 68?
False
Is 1659 a factor of 39193631?
False
Is 4549 a factor of 1137495646?
True
Does 108 divide 63122460?
False
Is 76413369 a multiple of 773?
True
Does 1107 divide 960679777?
False
Is 26 a factor of 125469262?
False
Does 11 divide 5138738?
True
Is 822 a factor of 272136996?
False
Is 8517137 a multiple of 12?
False
Is 334699095 a multiple of 31?
True
Is 33 a factor of 308998173?
True
Is 9 a factor of 58412561?
False
Is 11 a factor of 23628814?
True
Is 491470574 a multiple of 1823?
False
Does 106 divide 392560707?
False
Does 76 divide 2455104?
True
Does 237 divide 14286543?
False
Is 438989250 a multiple of 35?
True
Is 110 a factor of 24400310?
True
Is 1427501332 a multiple of 72?
False
Does 35 divide 10795750?
True
Is 164 a factor of 125630969?
False
Is 78775957 a multiple of 559?
True
Is 47 a factor of 46366055?
False
Is 10 a factor of 966001434?
False
Does 251 divide 18906657?
False
Is 14 a factor of 8548134?
True
Is 85448870 a multiple of 26?
True
Does 15 divide 1105883640?
True
Is 34639850 a multiple of 475?
True
Does 80 divide 486320?
True
Is 77889871 a multiple of 47?
False
Does 1056 divide 949230581?
False
Does 4 divide 117004072?
True
Is 1820 a factor of 104752524?
False
Is 8 a factor of 43028408?
True
Is 151 a factor of 719429534?
True
Does 9 divide 1081903189?
False
Is 12 a factor of 85329205?
False
Does 295 divide 229349520?
True
Is 444 a factor of 322060408?
False
Is 34889946 even?
True
Is 55 a factor of 92248310?
True
Is 1402 a factor of 4468016976?
True
Is 40 a factor of 21864630?
False
Does 197 divide 418341995?
False
Is 2039750727 a multiple of 1595?
False
Is 5806 a factor of 286009366?
True
Is 301 a factor of 45088887?
False
Does 2249 divide 1863456179?
True
Is 8 a factor of 14624512?
True
Does 16 divide 31537168?
True
Is 145691094 a multiple of 31?
False
Is 1795 a factor of 548828430?
True
Is 6737940 a multiple of 738?
True
Does 83 divide 8683798?
False
Does 16 divide 7626359?
False
Is 298553766 a multiple of 30?
False
Does 361 divide 307613515?
True
Does 12 divide 55007732?
False
Does 285 divide 3310902175?
False
Is 56386821 a multiple of 2449?
False
Does 65 divide 54094300?
True
Is 42513504 a multiple of 24?
True
Is 39 a factor of 371427381?
True
Is 29430870 a multiple of 1470?
True
Is 240927245 a multiple of 65?
True
Is 63924828 a multiple of 204?
True
Does 299 divide 1913796855?
False
Does 102 divide 294121488?
True
Does 1416 divide 144625992?
True
Is 510782427 a multiple of 1677?
False
Is 130 a factor of 39273365?
False
Does 351 divide 216073524?
False
Is 1430 a factor of 1766296430?
False
Is 441 a factor of 91687428?
True
Does 67 divide 887035757?
False
Is 81670599 a multiple of 243?
True
Is 18 a factor of 24809386?
False
Does 243 divide 574448289?
False
Is 131 a factor of 96169736?
False
Does 247 divide 860548?
True
Is 235067055 a multiple of 2052?
False
Is 1442841895 a multiple of 55?
True
Is 2 a factor of 6439107?
False
Does 738 divide 3861078317?
False
Does 220 divide 2300693340?
True
Is 1315 a factor of 44122725?
False
Does 24 divide 23730432?
True
Is 111 a factor of 1548130?
False
Is 14 a factor of 580202?
True
Is 265 a factor of 1850191045?
True
Does 8 divide 4081654?
False
Does 26 divide 161065296?
False
Is 3283802 a multiple of 23?
True
Does 3 divide 285121638?
True
Does 426 divide 98043868?
False
Is 706564436 a multiple of 122?
False
Is 15766403 a multiple of 101?
True
Is 739321361 a multiple of 1721?
False
Is 124192637 a multiple of 2083?
False
Is 23 a factor of 46789797?
True
Does 1957 divide 586909530?
False
Is 149741719 a multiple of 1039?
True
Does 52 divide 189437820?
True
Is 41549289 a multiple of 189?
False
Does 13 divide 3239534?
False
Is 32275768 a multiple of 8?
True
Does 20 divide 61866163?
False
Does 150 divide 2679224700?
True
Does 22 divide 90026097?
False
Is 11456368 a multiple of 56?
True
Is 372018310 a multiple of 170?
True
Is 15186650 a multiple of 19?
False
Is 56 a factor of 84056392?
True
Is 1436241120 a multiple of 10?
True
Is 274453312 a multiple of 392?
True
Is 453419954 a multiple of 4087?
True
Is 13 a factor of 4031848600?
True
Is 157205664 a multiple of 1904?
True
Is 167445025 a multiple of 2255?
True
Does 132 divide 186756580?
False
Does 1293 divide 686652822?
True
Is 2650 a factor of 1095833300?
True
Is 13 a factor of 982242919?
False
Is 33 a factor of 403288182?
True
Is 3 a factor of 233776296?
True
Does 5033 divide 73290546?
True
Does 70 divide 89382851?
False
Is 332809365 a multiple of 16?
False
Is 104 a factor of 4589416?
True
Does 61 divide 9546927?
True
Does 2573 divide 257559765?
False
Is 459 a factor of 13805802?
True
Is 17241074 even?
True
Does 2 divide 20812339?
False
Does 275 divide 2147588300?
True
Does 6 divide 350233433?
False
Does 1081 divide 37352539?
False
Is 7880 a factor of 158246160?
True
Does 53 divide 20237043?
True
Is 555268803 a multiple of 118?
False
Is 52793676 a multiple of 234?
True
Does 132 divide 32490744?
True
Is 13806674 a multiple of 1678?
False
Is 68 a factor of 76013120?
True
Is 756737560 a multiple of 40?
True
Is 521 a factor of 16997625?
True
Does 36 divide 105865164?
True
Is 5 a factor of 15313770?
True
Is 32782349 a multiple of 1139?
False
Is 2730520784 a multiple of 14?
False
Is 270 a factor of 29037952?
False
Is 8 a factor of 1143182519?
False
Is 17 a factor of 151118066?
True
Is 46 a factor of 3058970514?
True
Is 1396455120 a multiple of 2070?
True
Does 137 divide 31897895?
False
Does 12 divide 16268336?
False
Is 9979209 a multiple of 207?
False
Is 6044 a factor of 824073660?
False
Does 5357 divide 445900609?
True
Is 95 a factor of 455915545?
True
Does 225 divide 235615500?
True
Is 1366974 a multiple of 14?
True
Does 2605 divide 53588493?
False
Does 345 divide 41220600?
True
Is 260 a factor of 166534306?
False
Is 251953501 a multiple of 630?
False
Is 15 a factor of 1242346380?
True
Is 565 a factor of 234092495?
True
Is 1065994399 a multiple of 7717?
False
Does 45 divide 84710835?
True
Is 626 a factor of 4264168503?
False
Does 369 divide 23155857?
True
Is 70 a factor of 539342?
False
Is 21 a factor of 638959608?
True
Is 14 a factor of 31396678?
False
Does 35 divide 109647825?
True
Is 109 a factor of 63403665?
True
Is 33 a factor of 42716685?
True
Does 53 divide 329493315?
True
Does 212 divide 11786352?
True
Is 16027991 a multiple of 89?
False
Does 12 divide 559872132?
True
Is 36 a factor of 5710176?
True
Is 339301944 a multiple of 26?
False
Is 1806 a factor of 250398288?
True
Is 1970 a factor of 1656957150?
True
Is 1168 a factor of 111008568?
False
Is 30306506 a multiple of 25?
False
Does 73 divide 1157488?
True
Does 990 divide 1495478578?
False
Is 100 a factor of 986089308?
False
Is 96487497 a multiple of 2693?
True
Does 109 divide 11641636?
True
Is 59647878 a multiple of 26?
False
Is 1666685798 a multiple of 44?
False
Is 518 a factor of 78474194?
False
Is 800 a factor of 35017600?
True
Is 223015605 a multiple of 249?
True
Is 280621620 a multiple of 46?
True
Does 19 divide 167528468?
False
Does 1438 divide 118172664?
False
Is 3468 a factor of 129751752?
T